ose -3*x = -j + 4. Let r = -64 + 254. Calculate the highest common factor of r and x.
19
Suppose 0 = o - 5*t - 85, 5*o - 5*t = -t + 530. Calculate the greatest common divisor of 44 and o.
22
Let b be 1/2 + 26/4. Let f = -5 + b. Let a be 248/24 + f/3. What is the greatest common factor of a and 99?
11
Let i(w) = 5*w + 2*w - 6*w - w**2 + 6*w - 7. Let l be i(4). What is the greatest common factor of 15 and l?
5
Let v(k) = -k**2 - 9*k - 1. Let l be v(-6). Let n be (-1 - 11)/(6/(-68)). What is the greatest common factor of n and l?
17
Suppose 0 = -h + 1 + 15. Let z(i) = 3*i**3 + i**2 + 2*i. Let y be z(2). Calculate the greatest common divisor of y and h.
16
Let h = -77 - -112. Let c = -15 + h. Calculate the greatest common divisor of c and 2.
2
Let c = 137 - 94. Calculate the highest common factor of c and 172.
43
Let p = 10 + -16. Let b be 2/p + (-26)/(-6). Suppose 0 = -2*q + 3*q + 5*m - 61, b*q - 223 = m. Calculate the greatest common divisor of q and 7.
7
Suppose 628 = 2*p + q - 3*q, 0 = 3*p + 5*q - 950. What is the highest common factor of p and 35?
35
Let v = -5 + 16. Let t be (-1)/((-15)/505) - (-2)/(-3). What is the greatest common factor of t and v?
11
Let f = 2 + -1. Let a(s) = -2 - 5*s + 0*s + s - 5. Let r be a(-4). What is the highest common divisor of f and r?
1
Let f be (1 + -2)*-79 - (0 - 2). Calculate the greatest common divisor of 18 and f.
9
Suppose -3*n + n + 4 = 0. Let k be -1*n*98/(-4). Let h be 0 + 7 - (4 + -4). What is the greatest common factor of h and k?
7
Suppose 0 = 2*k - 6*k + 44. Let y(j) = 2*j - 16. Let s be y(k). What is the highest common divisor of 42 and s?
6
Let p(g) = -3*g + 4. Let i be p(-4). What is the greatest common divisor of i and 24?
8
Let y = -42 + 133. What is the highest common divisor of y and 13?
13
Let z(h) = 2*h + 88. Let p be z(0). What is the greatest common divisor of p and 8?
8
Suppose -m - f = -8, -3*f + 4*f = 0. Let o be ((-27)/12)/((-2)/m). Suppose 0 = -a - 0 - 2, 2*a = 4*i - 292. Calculate the greatest common divisor of o and i.
9
Suppose 4*v = 3*a + 33, -4*a = -7*a + 15. Let f be 36/27*(-1266)/4. Let d be f/(-7) - (-14)/(-49). What is the highest common divisor of d and v?
12
Let n be 395/10 + (-1)/(-2). Calculate the greatest common factor of 8 and n.
8
Let r be -66*-1*6/(-9). Let q = r - -84. What is the highest common factor of 8 and q?
8
Let s be (-9 - -6)*88/(-12). What is the greatest common divisor of s and 33?
11
Suppose 2*d - 2 - 18 = 0. Suppose -5*i + d = -15. Let s = 2 + 0. What is the greatest common divisor of i and s?
1
Suppose -5*l - 7 + 2 = 0. Let y(h) = -2 - 2 + 31*h**2 + 3. Let t be y(l). What is the highest common divisor of t and 10?
10
Let a(y) = -y + 20. Let r be a(11). Calculate the highest common divisor of 27 and r.
9
Let t = 63 + -18. Let r = -23 + 13. Let v = r + 15. Calculate the highest common factor of t and v.
5
Suppose 2*v = -8*v + 500. Calculate the greatest common divisor of v and 125.
25
Suppose 3*j = -0 + 3. What is the greatest common factor of 2 and j?
1
Suppose -2*z + 4*t = -4*z + 568, z + 4*t - 280 = 0. Let i = -162 + z. Calculate the greatest common factor of i and 18.
18
Let i be 4 - 3 - (-2)/(-2). Suppose -2*s + l + 4*l + 34 = i, l + 32 = 4*s. Let k be (-82)/(-7) - (-2)/s. Calculate the highest common divisor of k and 36.
12
Let n be (-2 - -4)*8/2. Let q be (-1)/3 - (-26)/6. Suppose 3*b + 17 = 2*g, 4*g - 25 = q*b - b. What is the greatest common factor of g and n?
4
Let f = 18 + -12. Let d(h) = -h**3 - 12*h**2 - 14*h - 3. Let s be d(-11). What is the highest common divisor of s and f?
6
Let i(w) = -w + 9. Let z be i(4). Let o(v) = -v**3 - 14*v**2 + 12*v + 10. Let y be o(-15). What is the greatest common divisor of y and z?
5
Suppose -39 = -4*q - a, 5*a - a = -5*q + 46. What is the highest common divisor of 4 and q?
2
Suppose -118 = -3*n + 2. Let h be 5 + (50 - (3 + -8)). What is the greatest common factor of n and h?
20
Let s be 1/((-1)/24)*-1. Let w = -2 + -3. Let r be ((-24)/w)/(4/50). Calculate the highest common factor of r and s.
12
Let a(m) = 8*m - 36. Let t be a(11). What is the highest common factor of t and 416?
52
Suppose 3*n - 4*n = 4*z - 31, -4*z + 1 = -n. Let s(w) = 16*w - 5. Let l be s(5). What is the highest common factor of l and n?
15
Suppose 0*q = 4*q + 440. Let p = q + 159. Let r(z) = -6*z**3 + 2*z**2 - 1. Let c be r(-1). What is the highest common factor of c and p?
7
Suppose 108 = 7*m - m. Let w(b) = -3*b - 6. Let a be w(-4). Calculate the highest common divisor of a and m.
6
Let q = -91 - -135. Calculate the greatest common divisor of 110 and q.
22
Let p be (-3)/4 + 33/12. Suppose -2*y = -5*w - 331, p*w - 21 = -y + 122. What is the highest common factor of 17 and y?
17
Let k be 1 - (22/187 + (-1345)/17). What is the greatest common divisor of k and 32?
16
Suppose 4 - 7 = -3*u. Suppose -s + 1 = -2*d + 2, s + u = d. Suppose 0 = -5*w + t + 70, -5*t = w - d*t + 12. What is the greatest common divisor of w and 52?
13
Suppose 68 = 15*j - 13*j. What is the highest common factor of j and 51?
17
Suppose 5*c = l - 12, -l + 4*c = 4*l - 39. What is the greatest common divisor of 7 and l?
7
Let v = 7 - 12. Let o(z) = z**3 + 7*z**2 + 6*z + 12. Let t be o(v). Calculate the highest common factor of 80 and t.
16
Let d(g) = -30*g. Let h be d(-6). What is the greatest common factor of 18 and h?
18
Let x be (-4)/(-4)*-3*-5. What is the highest common divisor of x and 15?
15
Let h(w) = 141*w**2 + 7 + 36*w**2 - 6 - 2*w. Let y be h(1). What is the greatest common factor of y and 22?
22
Let s(m) = m + 10. Let u be s(0). Let f be 4 + -3 + (-1)/((-3)/87). Calculate the highest common divisor of u and f.
10
Suppose 3*k + 3*s = 8*k - 63, -4*k - 5*s = -43. Let v(n) = -n**2 + 9*n + 8. Let h be v(6). Let a = h + -14. What is the highest common factor of k and a?
12
Suppose -3*u = -4*w - u + 8, -5*w + 2*u = -12. Let p be (13 - -2)*(-4)/(-6). Calculate the highest common divisor of w and p.
2
Suppose 4*w - 2 - 2 = 0. Suppose -2*l + 3 = 5*i - 2, -2*i + 3 = l. Suppose -l*a + 1 = -4. What is the greatest common factor of w and a?
1
Let k(w) = w + 7. Let l be k(-5). Suppose 1 = -l*o + 5. Suppose 0 = 6*b - 9*b + 30. What is the highest common divisor of o and b?
2
Let u(r) = 9*r + 1. Let a be u(-1). Let f = a - -12. What is the highest common divisor of 8 and f?
4
Suppose 3*v - 310 = 2*r, 3*r + r - 4*v = -612. Let g = r + -70. Let z be g/(-6) - (-2)/(-4). What is the highest common divisor of 9 and z?
9
Let r = 6 + 4. Suppose i - 5*i = -2*z + 4, 2*z - 5*i = 0. Calculate the greatest common factor of r and z.
10
Let d be 1/(1 + 2/(-4)). Suppose -3*l + 0*u + d*u = -46, 0 = -4*l + 2*u + 58. Let s be 5/1 + 0 + -1. What is the highest common factor of l and s?
4
Suppose 0 = j + 4 - 6. Calculate the highest common factor of j and 1.
1
Suppose 3*l = 15 + 36. Let w = l - 5. Let r be 1076/18 - 2/(-9). What is the highest common divisor of w and r?
12
Suppose -191 = -3*r + 5*m, 4*r - 67 = 4*m + 185. Suppose -2 + r = 5*a. Calculate the highest common factor of a and 24.
12
Let f(u) = u**2 + 3*u + 1. Let t be f(-3). Let g be ((-1 - 0)*-1)/t. Suppose -6*q + 28 = -2*q. What is the greatest common factor of g and q?
1
Let w be 10/(-3)*(-2 - 1). What is the highest common factor of w and 30?
10
Let s be -1 + 1 + 52 + -3. Let r = 8 - 5. Let h be 88/12 + (-1)/r. What is the greatest common factor of h and s?
7
Let f = -49 - -87. Suppose 5*o = 7 + 18. Suppose -3*q - 95 = -o*s - q, 19 = s + 5*q. Calculate the greatest common divisor of f and s.
19
Let o = -15 + 20. What is the highest common divisor of o and 55?
5
Let j = -11 - -17. What is the greatest common divisor of j and 66?
6
Let z(k) = -9*k**3 + k**2 - 3*k + 2. Let f be z(1). Let a = -7 - f. What is the highest common factor of 14 and a?
2
Suppose -4*p = -4*j + p - 8, 0 = 2*p - 8. Suppose -j*i = 2*k - 4*i - 9, k + 3 = 3*i. What is the highest common divisor of 3 and k?
3
Let m be (-3 + (-65)/(-15))/(2/48). What is the greatest common factor of m and 8?
8
Suppose q - 743 = -4*g, -104 = -g - q + 78. Calculate the highest common divisor of g and 17.
17
Suppose -2 + 17 = 3*b. Suppose 13 = b*s + 3. Suppose 0 = -5*r + s*r + 72. Calculate the greatest common factor of r and 6.
6
Let x be -60*((-33)/(-12) - 3)*2. Let m be ((-3)